{"id":1153,"date":"2021-10-07T11:30:27","date_gmt":"2021-10-07T11:30:27","guid":{"rendered":"http:\/\/www.manaturalezas.com\/content\/?page_id=1153"},"modified":"2021-10-07T11:36:23","modified_gmt":"2021-10-07T11:36:23","slug":"tarot-astrologico","status":"publish","type":"page","link":"http:\/\/www.manaturalezas.com\/content\/?page_id=1153","title":{"rendered":"TAROT ASTROL\u00d3GICO"},"content":{"rendered":"\n<p>El Tarot Astrol\u00f3gico es un sistema \u00fanico para comprender e interpretar el Mundo en su totalidad y descubrir los secretos del Universo. Permite ampliar nuestra visi\u00f3n acerca de la vida y las condiciones presentes en nosotros y en nuestro entorno. El concepto de Sincron\u00eda sobre el cual se asienta la manera de aportarnos informaci\u00f3n nos entrega una gu\u00eda hacia los procesos de autorreflexi\u00f3n y an\u00e1lisis, tanto del entorno externo, como de nuestro mundo interno.<\/p>\n\n\n\n<p>Mediante el Tarot Astrol\u00f3gico, nos ayudamos al despertar de la sabidur\u00eda presente en nuestro interior, permitiendo que ella se exprese del mejor modo posible en la expansi\u00f3n y crecimiento de nuestro sendero, tanto a nivel personal, profesional o empresarial.<\/p>\n","protected":false},"excerpt":{"rendered":"<p>El Tarot Astrol\u00f3gico es un sistema \u00fanico para comprender e interpretar el Mundo en su totalidad y descubrir los secretos del Universo. Permite ampliar nuestra visi\u00f3n acerca de la vida y las condiciones presentes en nosotros y en nuestro entorno. El concepto de Sincron\u00eda sobre el cual se asienta la manera de aportarnos informaci\u00f3n nos entrega una gu\u00eda hacia los procesos de autorreflexi\u00f3n y an\u00e1lisis, tanto del entorno externo, como de nuestro mundo interno. Mediante el Tarot Astrol\u00f3gico, nos ayudamos al despertar de la sabidur\u00eda presente en nuestro interior, permitiendo que ella se exprese del mejor modo posible en la expansi\u00f3n y crecimiento de nuestro sendero, tanto a nivel personal, profesional o empresarial.<\/p>\n","protected":false},"author":1,"featured_media":1054,"parent":0,"menu_order":0,"comment_status":"closed","ping_status":"closed","template":"","meta":[],"_links":{"self":[{"href":"http:\/\/www.manaturalezas.com\/content\/index.php?rest_route=\/wp\/v2\/pages\/1153"}],"collection":[{"href":"http:\/\/www.manaturalezas.com\/content\/index.php?rest_route=\/wp\/v2\/pages"}],"about":[{"href":"http:\/\/www.manaturalezas.com\/content\/index.php?rest_route=\/wp\/v2\/types\/page"}],"author":[{"embeddable":true,"href":"http:\/\/www.manaturalezas.com\/content\/index.php?rest_route=\/wp\/v2\/users\/1"}],"replies":[{"embeddable":true,"href":"http:\/\/www.manaturalezas.com\/content\/index.php?rest_route=%2Fwp%2Fv2%2Fcomments&post=1153"}],"version-history":[{"count":1,"href":"http:\/\/www.manaturalezas.com\/content\/index.php?rest_route=\/wp\/v2\/pages\/1153\/revisions"}],"predecessor-version":[{"id":1154,"href":"http:\/\/www.manaturalezas.com\/content\/index.php?rest_route=\/wp\/v2\/pages\/1153\/revisions\/1154"}],"wp:featuredmedia":[{"embeddable":true,"href":"http:\/\/www.manaturalezas.com\/content\/index.php?rest_route=\/wp\/v2\/media\/1054"}],"wp:attachment":[{"href":"http:\/\/www.manaturalezas.com\/content\/index.php?rest_route=%2Fwp%2Fv2%2Fmedia&parent=1153"}],"curies":[{"name":"wp","href":"https:\/\/api.w.org\/{rel}","templated":true}]}}